he greatest common divisor of i and 54?
27
Let k be -2*(-7)/(-42) + 20/(-12) + 5932. Calculate the highest common divisor of k and 10.
10
Suppose -g + 4 = 2*k + 2, -4*g - 5*k = -11. Suppose -13587 = 25*b - 15487. What is the greatest common factor of g and b?
4
Let s(i) = 10*i**3 + 25*i**2 - 192*i + 41. Let c be s(10). Calculate the highest common factor of c and 247.
247
Suppose 8 = 4*o - 24. Suppose -18*l + 4037 = -1777. Let d = l - 315. Calculate the greatest common factor of o and d.
8
Let w = -616 + 398. Let u = w + 225. Suppose 0 = -4*n - 16, h + 3*n - 30 = -h. What is the highest common factor of u and h?
7
Let o be (6/12 + (0 - -1))*2. Suppose 4*y = -j - 115, -o*j - 7*y - 335 = -5*y. Let t = j + 165. Calculate the greatest common factor of t and 594.
54
Let g(x) = 2*x**3 - 10*x**2 - 78*x + 527. Let d be g(6). What is the highest common divisor of 6419 and d?
131
Suppose 256 = 3*x + 5*l, 0*x - 149 = -2*x + l. Let m = -271 - -362. Suppose -6*n = -x - m. What is the highest common divisor of n and 7?
7
Let i(y) = 3*y + 45. Let h be (2/3)/(8/36). Suppose -h*j + 4*a = -a + 38, -j + 4*a = 15. Let f be i(j). Calculate the highest common factor of 16 and f.
4
Suppose -3*z - 125 = -a + 1145, 5*z + a = -2122. Let d = z - -449. Calculate the greatest common factor of d and 175.
25
Let t = 5 + 8. Suppose -3*c = -w + 864, 2*c - 4 = 4*c. Suppose -107*h + 113*h - w = 0. Calculate the greatest common factor of t and h.
13
Suppose -3*g = -5*g + 18. Let l be 51*(-36)/(-476)*7/3. What is the highest common divisor of l and g?
9
Let r = -1 - -24. Suppose -4*x - 14*i = -9*i - 280, -2*x + 4*i + 140 = 0. Suppose -22*m = -r*m + x. Calculate the greatest common factor of 10 and m.
10
Suppose -1465938 - 87182 = 37*c - 197*c. Calculate the greatest common divisor of c and 17.
17
Suppose 36*t + 408 = 2208. What is the greatest common divisor of 250 and t?
50
Let l = -14972 + 16565. What is the highest common divisor of 1357 and l?
59
Suppose 450*g + 38 = 453*g - 2*z, 25 = 5*z. What is the greatest common factor of g and 932?
4
Let h be 16 + 1008/36 + -32. Let m be 12/(-30) - (-302)/5. Calculate the greatest common divisor of m and h.
12
Let g(z) = z**3 - 7*z + 7. Let c be g(3). Suppose -11*o + c*o = 44. What is the greatest common factor of 352 and o?
22
Suppose 0 = 20*v - 21*v + 5*y + 132, v = y + 104. Let b be 1/(-4) - (-762)/8. Let s = v - b. What is the highest common factor of 10 and s?
2
Suppose 0 = -3*f - b - 106, 4*f + 134 = -3*b - 2*b. Let a be 9/f*(2/(-1) - 146). Let g = -27 + a. Calculate the greatest common factor of g and 4.
2
Suppose 0 = -11*p + 428 + 925. Let g = 398 - p. What is the highest common factor of g and 25?
25
Suppose 21*w = -253 + 1135. Suppose -r - 3*r + 248 = 0. Let m = r - 41. What is the greatest common divisor of m and w?
21
Let u be (-814)/88*(-104)/(-6)*(-42 + 39). Let j be (-4)/(-14) + 178/14. What is the greatest common factor of u and j?
13
Let u(o) = 12*o**3 + 189*o**2 + 43*o + 255. Let p be u(-15). Let n be 3 + -12*(-1)/1. What is the greatest common factor of p and n?
15
Suppose 3616 = 7*f + 1068. What is the highest common divisor of f and 3003?
91
Let n = -14 + 26. Let b be (-1)/(-2) + (-27)/(-18). Let a be 6/(-8)*b*8/(-2). What is the greatest common factor of a and n?
6
Suppose -l + 3*o = l + 39, 5*l - 2*o + 103 = 0. Let y be (l - 1)*(1 - (-4)/8). Let n = y + 65. Calculate the greatest common divisor of 48 and n.
16
Let x be 11/(-4)*((-8)/5)/(22/715). What is the greatest common divisor of x and 352?
11
Suppose 8*a - 67 = 845. What is the highest common divisor of 760 and a?
38
Let z(w) = w - 6. Let i be z(0). Let p be (-111)/2*i/9. Let h = p - 33. What is the greatest common divisor of h and 4?
4
Suppose -4*g - 82 = -18. Let b = g + 18. Suppose b*v - 5 = 19. What is the highest common factor of 6 and v?
6
Suppose -2*k = 5*k. Suppose k = -5*m - 8 + 18. Suppose m*y = -4*n + 30, 2*n + 5*y - 12 = y. What is the greatest common divisor of n and 32?
8
Let j be (48/(-144))/((-2)/(-6)). Let u be (-76)/((2 - j)/((-54)/36)). Calculate the highest common factor of 266 and u.
38
Let v be -2 - (-24)/10 - 31*96/1240 - -7. Suppose -4 = -k - 3*k. What is the highest common divisor of v and k?
1
Let b(g) = 9*g**2 + 51*g + 296. Let d be b(-11). What is the greatest common divisor of d and 1751?
103
Let s = 8591 + -2579. Calculate the highest common factor of 144 and s.
36
Let x = -43843 + 65515. What is the greatest common divisor of x and 258?
258
Let z(u) = -25*u**3 + 2*u**2 - 6*u + 4. Let m be z(1). Let c(q) = 3*q + 103. Let k be c(m). What is the highest common divisor of 196 and k?
28
Let m be ((-14)/6)/((-2)/12). Suppose -69*c - 26*c + 13608 = 13*c. What is the greatest common divisor of c and m?
14
Let f = 35872 + -35726. Calculate the highest common factor of f and 176.
2
Let q(b) = b**3 + 7*b**2 - b - 1. Let l be q(-7). Let r be 88/66*(-2)/(8/l). Let h be r/(-5) - 626/(-10). What is the greatest common factor of h and 7?
7
Let l(o) = -22*o**3 + 18*o + 17. Let z be l(-1). Let y(x) = -x - 7. Let d be y(-10). What is the highest common divisor of z and d?
3
Let w(f) = 68 + 3129*f**2 - 3130*f**2 + 1 - 22*f. Let l be w(-24). What is the highest common factor of 56 and l?
7
Suppose -5*r - 9*g + 12*g = -154, 2*r = 2*g + 56. Calculate the greatest common divisor of r and 217.
7
Let y = -399 - -402. Suppose c - y*m - 887 = 0, 8*c - m + 2*m = 6996. What is the highest common divisor of 35 and c?
35
Suppose -24*c + 190 + 962 = 0. Calculate the greatest common factor of c and 9288.
24
Let t(j) = -10*j - 2. Let z be 25/(-5) + 5 + -1. Let p be t(z). Calculate the greatest common divisor of 26 and p.
2
Let y = 1309 - 811. Let m = -470 + y. What is the greatest common divisor of m and 238?
14
Let t(x) = x**3 - 8*x**2 + 13*x - 16. Let g be t(7). Let h(c) = 40*c**2 - 9. Let b be h(-3). Calculate the greatest common factor of b and g.
13
Suppose 4 = -4*u, -7*a + 4*u - 66 = -2*a. Let b(h) = h**2 + 6*h - 52. Let y be b(a). What is the highest common factor of y and 45?
15
Let h = 71 - 61. Suppose 0 = -4*f + 22 + h. Suppose 2*c + 4 = 0, -3*v + c + f = -36. Calculate the highest common divisor of v and 35.
7
Let j be (-30)/(-40)*5524 + -3. Calculate the greatest common divisor of j and 450.
90
Let x(a) = 15*a + 9. Let z be x(-4). Let v be (-19 + 1)*z/9. Let y = v + -44. Calculate the highest common divisor of 87 and y.
29
Let x(f) = f**2 + 2*f + 5. Let k be x(-3). Let s(l) = -l + 12. Let r be s(k). Let a be r/(-10) - (-394)/10*1. What is the greatest common factor of 13 and a?
13
Suppose -25 - 71 = -16*j. Let f = 493 - 247. What is the highest common factor of f and j?
6
Let j(x) = 4*x**2 - 53*x + 134. Let p be j(3). Let l be (1 + -2)*-1*341. Calculate the greatest common factor of l and p.
11
Suppose -3*z = 1 - 1. Suppose 2*n + z*n - 145 = -3*j, -4*j = -5*n - 201. Let b = j - 33. Calculate the highest common factor of b and 24.
8
Suppose 0*w + 126 = -7*w. Let m = w + 18. Suppose 5*s - 5*z - 690 = m, -s + 2*z = -2*z - 132. Calculate the greatest common divisor of s and 56.
28
Let i be (-182)/56 + 2693/4. Calculate the highest common factor of i and 130.
10
Suppose 76*y - 157*y = -1728297. What is the highest common factor of 19 and y?
19
Let z be (133/7)/((9/(-66))/(-3)). Let j be 47/470 + z/20. Calculate the greatest common divisor of j and 966.
21
Let g be (-440)/3740 - (0 - (-29108)/(-34)). Calculate the greatest common divisor of g and 535.
107
Suppose -c + 5*i = -50, -c - 2*c = i - 214. Suppose -6*o - 5*o = -605. Let y be 4/(-2) + (5 + o)/5. What is the greatest common factor of c and y?
10
Suppose -8*r + 14 + 461 = -245. Calculate the greatest common factor of 1125 and r.
45
Let j(i) = -i**3 - 6*i**2 - 7*i - 6. Let v be j(-5). Let b be 4476/10 + (-42)/70. Suppose 0 = -13*c + b + 21. Calculate the greatest common divisor of c and v.
4
Let h(c) = 68*c - 23. Let r be h(2). Suppose -r = 3*d - 428. Suppose 0 = 5*k - 4*s + 5 - 60, 3*s = -3*k + 60. What is the greatest common factor of d and k?
15
Let y(p) = -64*p**2 + 11*p - 10. Let i(b) = 193*b**2 - 33*b + 30. Let o(c) = 3*i(c) + 8*y(c). Let u be o(1). What is the greatest common factor of u and 66?
66
Let u be (49/(-21))/((-42)/1404). Let s(x) = 9*x**2 - 7*x + 5. Let o be s(5). What is the gre